**2 - a - 11. What is r(x)?
-11
Let g be -1*2/(-1) + 2. Let u(f) = 6 + f**2 + g*f + 0 - 4. Let r = 1 - 6. Calculate u(r).
7
Let h(i) be the third derivative of -i**5/40 - i**4/24 - i**3 - 3*i**2. Let l(s) be the first derivative of h(s). Determine l(2).
-7
Suppose 5*h = 3*h + 10. Suppose -16 = 3*w + h*j, 5*j - j + 26 = 2*w. Let k(u) = w*u + 0*u - 4*u - 1. Give k(-4).
3
Let o(w) = -66 + w + 41 + 34. Give o(0).
9
Let z(y) be the third derivative of -3*y**2 + 0*y - 2/3*y**3 + 0 + 7/24*y**4 + 1/15*y**5 - 1/120*y**6. Determine z(5).
6
Let a(k) be the first derivative of k**4/4 + 2*k**3 - 7*k**2/2 + k - 82. Suppose 2 = y - 3*u, -5*y + 2*u - 29 = -0*y. What is a(y)?
1
Let t(j) = -j**3 + 3*j + 3*j**2 - 5*j + 27 - 24. Calculate t(2).
3
Let j(f) be the second derivative of f**4/12 - 5*f**3/6 - f**2/2 + 52*f. What is j(6)?
5
Let w be 2 + 3/(-6)*2. Let o(k) = -3*k - 1. Calculate o(w).
-4
Let x(s) = s**2 + s. Suppose 2 + 13 = 5*f. Suppose -6*h = -f*h. Give x(h).
0
Let t(d) be the third derivative of -5*d**4/12 - d**3/6 + 21*d**2. Determine t(-2).
19
Let d(i) = -5*i**2 + 30*i**3 + 3*i**2 + 2 - 35*i**3 - i. Determine d(-2).
36
Let f(u) = u**3 + 3*u**2 - 5*u - 3. Let l = -3 - -7. Suppose -3*v - 6 = 0, l*v + 2 + 9 = d. Suppose 3*m + 5*k + 0*k = d, 0 = -m - 3*k + 5. Give f(m).
1
Let q(d) be the first derivative of d**4/2 + 2*d**3/3 - d**2/2 - 2*d - 2. Suppose 0 = 3*m - 4 + 10. Determine q(m).
-8
Let g(d) = -5*d + 2. Let h(y) = -y + 1. Let p(b) = g(b) - h(b). Calculate p(1).
-3
Suppose -60 = 3*r - 66. Let t(p) = p**3 - p**2 - 4*p + 3. What is t(r)?
-1
Let w be -5 + 2 + 0 + -3. Let r = 5 + w. Let i(o) = o**2 + o. Calculate i(r).
0
Let r(s) = -s**3 - 3*s**2. Let q(z) = z**3 + 6*z**2 - 7*z + 8. Let p be q(-7). Suppose -15 = 13*k - p*k. Give r(k).
0
Let n(m) be the third derivative of -m**6/120 + m**5/20 - m**4/24 - m**2. Determine n(3).
-3
Let o(r) = -r**3 + 7*r**2 - 6*r - 4. Let c be o(6). Let n(d) = -3*d - 9. Let a be n(c). Let h(m) = m - 4. Calculate h(a).
-1
Let r(n) = 21*n**3 + n + 1. Let b be r(-1). Let j be (-2)/(-7) - (-111)/b. Let l(m) = -m**3 - 4*m**2 + 3*m - 6. Determine l(j).
4
Let v(b) = 11*b**2. Suppose 0 = 2*t - 5*t + 12. Suppose -2 = -t*w + 2. Give v(w).
11
Let d(u) be the first derivative of -u**3/3 + u**2/2 + 6. Determine d(0).
0
Let j(g) = g**2 + 6*g - 1. Let a be j(-6). Let m(v) = -1 - 1 + 1 - v. Let z(u) = 4*u + 4. Let q(y) = a*z(y) - 5*m(y). Calculate q(-3).
-2
Let f(a) = a**3 - 3*a**2 - 7*a + 6. Let h be (0 - (4 - 2))/(-1). Suppose -h*j = -m, -2*m - 2*j + 6 = -0. Let z be 4/(-2) + 12/m. Give f(z).
-6
Let m(q) = q**2 - 6*q + 4. Let o be m(3). Let f(d) = d**2 + 2*d - 2. Give f(o).
13
Let x(w) = -w**2 + 6. Let t be 39/(-15) + (-2)/5. Let n be (5/t)/(2/6). Let q = n + 5. Give x(q).
6
Let u(v) = -14*v + 45*v - 7 - v**3 - 6*v**2 - 19*v - 16*v. Calculate u(-5).
-12
Let p be -2 - 1/(-2)*6. Let z(o) = 5*o. Let f be z(p). Let l(k) = k**2 - 3*k - 7. Determine l(f).
3
Suppose -3*p - 29 = 4*u, p - 2 = u - 0. Let t(c) = -2 - 3 - 5*c + 1. Give t(p).
11
Let g(u) be the second derivative of u**8/6720 - u**7/360 + u**6/144 + u**5/15 - u**4/3 + 4*u. Let w(c) be the third derivative of g(c). Determine w(6).
2
Suppose 4*g + 15 = -g. Let m(s) be the second derivative of s**5/20 + 5*s**4/12 + 2*s**3/3 - s**2/2 + 14*s. Determine m(g).
5
Let t(i) = -i + 5. Let j be t(-3). Let u be (-15)/(-10)*j/3. Let d(h) = -h**3 + 5*h**2 - 6*h + 4. What is d(u)?
-4
Suppose -2*j + 10 = -6. Let m(z) be the first derivative of -z**4/4 + 7*z**3/3 + 9*z**2/2 - 6*z - 60. Calculate m(j).
2
Suppose 0 = t + 5*c + 12, -t + 0 = -3*c - 20. Suppose -u = 3*u + t. Let j(k) = -k**2 - 2. Calculate j(u).
-6
Suppose 2*m - 5*m - 12 = 0. Let j(c) = -c**3 + 6*c**3 - 6*c**2 - 7*c - 5*c**3 - 5 - c**3. Give j(m).
-9
Let p(t) = -2*t + 12. Let y(v) = 1. Let d(l) = -p(l) + 4*y(l). Give d(6).
4
Let r(z) = -3*z + 3. Suppose 0*q = -4*q + 24. Give r(q).
-15
Let j = -152 + 152. Let d(z) = -z + 1. Give d(j).
1
Let d(r) be the third derivative of r**5/60 + r**4/8 - r**3 - 18*r**2. Determine d(-5).
4
Let y(j) = -j**3 + 2*j**2 + 3*j - 5. Let w be y(2). Let l(h) = -10*h**2 + h. Determine l(w).
-9
Let j(x) = -x**2 + 5*x - 6. Let b(y) = y**3 - 3*y**2 + 3*y + 1. Let a be b(2). Let f be j(a). Let l(c) = -c - 2. What is l(f)?
-2
Let k(o) = -o**2 - o + 9. Suppose 5*n = 10 - 0. Suppose a + 4*a - 15 = 4*b, 3*b - 12 = -4*a. Suppose -n*m = a*m. Calculate k(m).
9
Suppose u + 1 = -0*u. Let q(z) = -3 - 2*z + 1 + 3. What is q(u)?
3
Suppose -m - 5*f = 12, -3*m - 3*f = -0*f. Let w(n) = 2*n**2 - 3*n + 1. Give w(m).
10
Let b(h) be the second derivative of -h + 0*h**4 - 1/20*h**5 - 3/2*h**2 + 0 + 2/3*h**3. Suppose -3*v + f = -3, -4 - 3 = v - 3*f. Calculate b(v).
-3
Let a(l) be the second derivative of 7*l**5/20 - l**3/6 + 4*l. What is a(-1)?
-6
Let p(s) be the second derivative of -1/4*s**4 + 0 + 3*s - 1/2*s**2 - 1/20*s**5 - 1/3*s**3. Calculate p(-3).
5
Let d(v) = 10*v**2 - 2*v - 1. Suppose -2 = -2*b - 2*m, 5*m - 3*m - 7 = 3*b. Determine d(b).
11
Let k(h) = 4*h**3 - 2*h**2 - 6*h + 5. Let y(g) = -3*g**3 + g**2 + 5*g - 4. Let m(n) = -4*k(n) - 5*y(n). Let b be (-4)/6 - (-10)/6. Give m(b).
1
Let f(z) = z**2 - 9*z + 12. Let s be f(8). Let k = -2 + s. Let v(w) = 5*w - 3*w - 2*w + 2 - k*w. Give v(-4).
10
Let v(n) = n**3 + 5*n**2 + n + 1. Suppose -15 + 6 = -3*q. Suppose h - 3*h + 10 = 0, -3*h + 110 = 5*f. Suppose o - 2*b = -9, 4*b - 2*b = q*o + f. Calculate v(o).
-4
Let d(s) be the second derivative of -s + 5/2*s**2 + 0 + 1/3*s**3 - 1/12*s**4. Suppose 0 = 2*n - 0*n - 8. Give d(n).
-3
Suppose 30 = -5*f + 4*t, -t + 30 = -5*f - 2*t. Let m(u) be the third derivative of -u**6/120 - u**5/10 + u**4/12 + 7*u**3/6 - 3*u**2. Give m(f).
-5
Let b = 27 + -33. Let r(c) = -c**2 - 9*c - 8. Calculate r(b).
10
Let o(d) be the second derivative of -d**3/2 + 3*d**2/2 - d. Let h(y) = y**2 + 4*y - 2. Let g be h(-5). Calculate o(g).
-6
Let l(q) = -1 + 1 + 2*q. Let x = 12 - 17. Give l(x).
-10
Let n(d) = 4*d + 3*d**2 + d**3 + d**2 + 3 - 2*d**2. Let r(u) = -u**2 - 4*u + 3. Suppose 5*t + 0*o + 3*o + 19 = 0, 3*o + 9 = -3*t. Let y be r(t). Give n(y).
-5
Let h = 6 - 4. Let n = 0 + h. Let g(c) = -5 - 2*c**n - 3 + 3*c**2 + 5 - 6*c. Calculate g(5).
-8
Let b = -5 - -7. Let h be 4*(0 + 1 - b). Let d(y) be the second derivative of y**5/20 + y**4/4 - 2*y**3/3 + y**2/2 + y + 46. Determine d(h).
1
Suppose -4*a - 11 = -3*j + a, j + 5*a = -3. Suppose 2*s + 4 = m, m - 3*s - j = 3. Let r(l) = -2*l**m + 3*l**2 + 3 - 2*l**2. Calculate r(0).
3
Let d(t) = -t**3 + t**2 - t. Suppose -3*c = -4*v - 18, 4*c + c - 2*v = 16. Determine d(c).
-6
Let k be 0/(2 + -1 + 1). Let q = -2 + k. Let r(g) = -g**3 - g**2 - g - 2. Give r(q).
4
Suppose 2 - 12 = 2*k. Let f = k + 8. Let v(u) = 5*u**3 + u**2 + 5*u - 11. Let y(m) = 3*m**3 + m**2 + 3*m - 7. Let o(h) = -5*v(h) + 8*y(h). Calculate o(f).
-4
Let m(c) = c**3 + 4*c**2 + 2*c - 2. Let u be m(-3). Let s(w) = 10 - 4 + w + u + 2. Give s(0).
9
Let t be ((-5)/(-2))/(2/4). Let x(d) = -4*d - 2. Let q(f) = -3*f - 2. Let y(h) = t*q(h) - 4*x(h). Calculate y(-4).
-6
Let u = 0 - -1. Let d(h) = u + 18*h + 0 - 8*h**2 - 19*h. What is d(1)?
-8
Let v(k) = 3*k**3 + 2*k**2 - 2*k + 1. Suppose 0*w - 5 = -5*z + 5*w, -2 = -2*z - 2*w. Let c be (-1 + 0)/(-1*z). What is v(c)?
4
Suppose h = -s + 4, -5*s - h + 22 = 2*h. Suppose -3*n + 0*r - 3 = -s*r, 16 = n + 4*r. Suppose 2*b + 4 = n*b. Let w(a) = -a**2 - a + 2. Determine w(b).
-4
Let k(z) = -z + 2*z**2 + 4*z - z. Let r(a) = 6*a**2 - 2*a + 3. Let l(o) = -7*o**2 + 3*o - 4. Let s(v) = 5*l(v) + 6*r(v). Let d be s(-3). What is k(d)?
4
Let i(a) = a**2 - 2*a - 2. Let b(l) = -l - 1. Let t(p) = 3*b(p) + i(p). What is t(6)?
1
Let o(w) = -2*w**2 - 2*w - 2*w + 5*w - 4*w**2. Let h = -7 - -8. Give o(h).
-5
Let l(g) be the second derivative of -g**4/12 - 4*g**3/3 - 3*g**2 - 8*g. Let u(r) = r**2 + 7*r + 5. Let j(s) = 2*l(s) + 3*u(s). Determine j(-5).
3
Let k(a) = 7*a**2 + 2*a + 1. Let n = -11 - -10. Let p be k(n). Let m(j) = j**3 - 6*j**2 - j - 3. Determine m(p).
-9
Let m(i) be the second derivative of -2*i + 1/2*i**3 + 0 + 3*i**2. Suppose 6*n + 34 - 4 = 0. What is m(n)?
-9
Let l(u) = -3*u**3 - u**2 + 2*u - 1. Let x be l(1). Let a(b) = 4*b**2 - 4*b + 2. Let z(p) = 3*p**2 - 3*p + 1. Let o(q) = 2*a(q) - 3*z(q). What is o(x)?
-11
Let z(i) = -3*i**2 -